 -q**7/105 + q**6/360 + q**5/120 + 5*q**3/6 + 25*q**2. Let m(c) be the first derivative of a(c). What is m(-1)?
8
Let z(u) = -2*u**2 - 2*u - 1. Let b = 9 - 3. Suppose -2*v + b*v = 28. Suppose -t + 10 = t, -4*r - 3*t + v = 0. Give z(r).
-5
Let a(n) be the third derivative of -5*n**2 + 1/60*n**5 + 2/3*n**3 + 0 + 0*n - 1/4*n**4. Let t be 60/14 + (-2)/7. Give a(t).
-4
Let r be 9/6 + 18*12/16. Suppose r*b + 18 = 18*b. Let y(z) = 2*z - 8. Calculate y(b).
4
Let m(x) be the first derivative of -x**3/3 + 17*x**2/2 - 22*x - 23. Give m(16).
-6
Let i(y) = -y**3 - 6*y**2 + y + 6. Let m be 30/(-225) + 88/(-15). What is i(m)?
0
Suppose -3*s = k - 8, -4*s + 19 = 3*k - 15. Let b = 18 - k. Suppose -12 = b*u - 0*u. Let a(z) = 2*z - 2. What is a(u)?
-8
Suppose 6 - 22 = -3*f - 2*q, -f + 5*q - 6 = 0. Let j(h) = -2*h**3 + 6*h**2 - 8*h + 10. What is j(f)?
-54
Let s(d) = -18*d - 18. Let t be s(-4). Let x = -51 + t. Let p(o) = o - 2. Calculate p(x).
1
Let l = 746 + -750. Let f(n) = n**3 + 5*n**2 + 4*n + 5. What is f(l)?
5
Let w(q) be the third derivative of -13*q**2 + 0 + 5/24*q**4 + 0*q - 1/120*q**6 + 1/3*q**3 - 1/60*q**5. What is w(-3)?
5
Let q(z) = 2*z + 2. Let k be (-43)/(430/60) - 0/1. What is q(k)?
-10
Let a(p) = 3*p + 1. Let u(f) = -7*f - 2. Let c(w) = -9*a(w) - 4*u(w). Give c(7).
6
Let m(i) be the second derivative of i**5/20 - 5*i**4/12 - i**3/3 + 3*i**2/2 - 6*i. Let f = -2 + 23. Let y be (-2)/8 - f/(-4). Determine m(y).
-7
Let j(a) = 4*a - 8. Let v be j(11). Suppose -4*w + 3*c = -55, -4*w + 22 = -2*c - v. Suppose -7*f + 3*f + w = 0. Let y(m) = -m + 2. What is y(f)?
-2
Let j(w) = -w**3 - 4*w**2 + 3*w - 5. Suppose -10*k + 8*k = 0. Suppose 0*x - 4*x - 21 = l, -4*x - 2*l - 22 = k. Calculate j(x).
5
Suppose -d = 3*t - 11, 9*t - 4*d = 4*t - 10. Let z(u) = 10*u - 2. What is z(t)?
18
Let v(o) = -o + 13. Suppose 0 = 2*l - 5*h + 116, 3*l = -h - 138 - 19. Let k = -47 - l. What is v(k)?
7
Let b = -61 - -37. Let k be (-112)/b - 3/(-9). Let c(h) = -h**3 + 4*h**2 + 7*h - 5. Calculate c(k).
5
Let w(x) = 14*x**2 + x. Let t be 1/(2/(-11) - 216/264). Give w(t).
13
Let y = 66 + -61. Suppose p - 5*a = 16, a - 10 = y*p + 6*a. Let b(z) be the first derivative of -2*z**3/3 + z**2 - z - 1. Calculate b(p).
-1
Let x(u) = u**2 + u + 3. Let w be x(0). Suppose 3*v + 0*j = -3*j + w, -8 = -5*v - 2*j. Let i(l) = 0 - 3*l - 1 - 3*l + 0*l**v - l**2. What is i(-6)?
-1
Let s(m) = 20 - 38 + 20 - 2*m. Suppose -5*k = -0*k + 15. Let w be 2*2/3*k. Determine s(w).
10
Let y(i) = -i**3 + 8*i**2 - 4*i + 26. Let u(h) = -h**2 - 3*h + 26. Let g be u(-6). What is y(g)?
-6
Let z(d) = 7*d**2 - 3*d - 2. Let f(v) = 20*v**2 - 9*v - 6. Let t(x) = 6*f(x) - 17*z(x). Determine t(4).
2
Let q(h) = 8 + 2628*h - 2629*h + 3. Determine q(6).
5
Suppose -14*u + 7*u = 28. Let q be -10*((-2 - u) + 5/(-2)). Let s(t) = 4*t - 4. What is s(q)?
16
Let r = 38 + -34. Let l(v) = -r*v + 0*v**2 - v**2 + 1 + 2 + 1. What is l(-6)?
-8
Let y(u) = -u + 4. Let w be y(2). Let z(j) = -5*j + 4*j**2 - 2*j**2 + 1 - j**w + j**3 + 2*j**2. What is z(-4)?
5
Let x be (-1)/(12 + -11) - 7/(-6). Let l(j) be the third derivative of -j**2 + x*j**3 + 0 + 0*j + 5/8*j**4. Give l(-1).
-14
Let z(r) = -6*r - 1. Let m = 153 + -159. Suppose 3*p = 6 + 6. Let y = p + m. Give z(y).
11
Let b(x) = 4*x - 2. Let l(z) = z**2 + 2*z + 4. Let r be l(-3). Suppose -9*w = -r*w - 8. Give b(w).
14
Let o(w) be the third derivative of -w**4/24 - 2*w**3 + 57*w**2. Give o(-10).
-2
Let p(z) = 7*z**3 - 3*z**2 + 11*z + 4. Let d(j) = -19*j**3 + 8*j**2 - 30*j - 11. Let u(o) = -4*d(o) - 11*p(o). What is u(1)?
-1
Let g(b) = b**2 - 9*b + 8. Let t = 12 - 24. Let a be 40/t*12/(-5). What is g(a)?
0
Suppose 109*r - 16 = 117*r. Let k(a) = -a**3 - 3*a**2 - 3*a. Determine k(r).
2
Let f(w) = -5*w**3 + 1. Suppose -3*d - 2 + 17 = 0. Suppose -d*o = -8*o + 3. Calculate f(o).
-4
Let d(v) = -6*v - 7*v + 4*v**2 - 3 + 2 - v**3 - 5 + 14*v. Calculate d(4).
-2
Suppose -4*n + 6 = 5*q, -7 = -n - 2*q - 4. Let m(v) = -5*v + 2. Let p be m(-1). Let d(x) = x + 4*x - 7 + p. Calculate d(n).
-5
Suppose 11*k - 6 = -72. Let o(a) be the second derivative of a**4/12 + 7*a**3/6 + 2*a**2 + 18*a. Calculate o(k).
-2
Let d(j) = j**3 - 11*j**2 + 16*j - 53. Let k be d(10). Let i(h) = -h**2 + 4*h - 7. Determine i(k).
-28
Let n(z) = 4*z - 14. Let y = 1243 - 1255. Give n(y).
-62
Let k = 181 + -180. Let p(j) = 13*j**3 + j**2 - 1. Determine p(k).
13
Let q(y) = y**3 - 26*y + 1. Let c be q(-5). Let n(s) = 6*s - c*s + 4*s - 2. Give n(3).
10
Suppose 0 = 4*h - 6*h + 38. Let z(t) = t - 43*t**2 + 23*t**2 - 3 + h*t**2. Give z(0).
-3
Suppose 25 = 5*h - 5*o, 4*h - 2*h - 14 = -2*o. Let c(n) = 15 - 11*n + 4*n + h*n - 2. Determine c(6).
7
Let k(a) = a**2 - 9*a + 2. Suppose 8*w + 268 = 332. Give k(w).
-6
Suppose -5*m = -4*j + 99, m - 78 = -4*j - m. Let g(f) = 9*f - 14 - 8*f + j. Calculate g(-6).
1
Let j = 624 - 622. Let n(y) be the first derivative of 7/3*y**3 + 6*y - 7/2*y**j - 1/4*y**4 - 5. Give n(6).
0
Let n(j) be the second derivative of -j**3/3 - 109*j. Give n(-4).
8
Let x(u) = 2*u**2 - 8*u + 9. Let r(t) = -3*t**2 + 8*t - 10. Let h(m) = 3*r(m) + 4*x(m). Calculate h(-7).
13
Suppose 0 = i + k - 9, 4*i - 16 = -3*k + 17. Suppose 2*g - 12 = v - 0*v, -3*g = -4*v - 23. Let y(m) = -m - g + m + m. Calculate y(i).
1
Let i(b) be the third derivative of b**4/4 - b**3/3 + 48*b**2. Calculate i(3).
16
Let v(b) = -8*b - 90. Let g(r) = -r - 9. Let f(n) = 10*g(n) - v(n). What is f(6)?
-12
Let l(v) = v**2 - 5*v. Let h be l(5). Let n(s) = 4*s + h*s - 5*s. What is n(-3)?
3
Let g(l) = -3*l + 115 + 110 + 56 - 228. Give g(19).
-4
Let h(d) = -d**3 - 7*d**2 + 6*d - 15. Suppose -2*r = -6*r - 32. Let b be h(r). Let i(w) = -16*w**2 - w + 1. What is i(b)?
-16
Suppose -6*l = 7 + 47. Let a(k) = k**3 + 10*k**2 + 9*k + 6. What is a(l)?
6
Let x(r) = 4 - 14*r + 7*r + 3 - 9. Determine x(-4).
26
Suppose 0 = -0*t - 2*t + 2, 3*t + 17 = 4*c. Suppose -c*s = 2*s - 42. Let b(k) = k**2 - 5*k + 5. What is b(s)?
11
Let i = 7 + -12. Let d(v) = -6*v**2 - 13*v**2 + 18*v**2 - 7*v - 2. What is d(i)?
8
Let u(x) = -x + 4. Let j(l) = -2*l + 3. Let q(a) = 3*j(a) - 4*u(a). What is q(-6)?
5
Let x(o) be the third derivative of o**4/4 + o**3 + 2*o**2 + 219*o. Give x(-2).
-6
Suppose -2*o + 5*g = -6, -2*g + 3*g = o - 3. Let h be (1 + 1 - 3) + 3. Let s(n) = 2 - h*n - 4*n + n. What is s(o)?
-13
Let y = 4 + -11. Let a(q) = -3*q**3 - 4*q**2 + 7*q + 1. Let x(m) = -10*m**3 - 12*m**2 + 22*m + 3. Let l(d) = y*a(d) + 2*x(d). What is l(-5)?
-1
Let j(o) = 4*o**2 + 4*o + 5. Let m(d) = -9*d**2 - 8*d - 10. Let k(q) = 7*j(q) + 3*m(q). Give k(-4).
5
Let v(c) be the first derivative of -2*c**3 + 48. Let k be (-5)/10 - 1/2. Calculate v(k).
-6
Let k(d) = -4*d + 21. Let n be k(6). Let p(z) = z**2 + 4*z + 3. What is p(n)?
0
Let f(k) = -19*k + 477. Let l be f(25). Let x(o) = 14*o - 5. Determine x(l).
23
Let s(t) = -114*t**2 + 2. Let h be s(1). Let o = 116 + h. Let c(j) = j**2 - 9*j + 5. Give c(o).
-15
Let r(h) be the second derivative of -5/2*h**2 + 1/2*h**3 - 1/4*h**4 - 1/20*h**5 + 7*h + 0. Let f(o) = -4*o. Let b be f(1). Determine r(b).
-1
Let m(g) = -g**2 + 13. Suppose -5*o + 20 - 45 = 0. Give m(o).
-12
Let d(r) = -3*r + 2. Let v = 18 + 5. Let s = 26 - v. Let k be s/2*(-20)/10. Give d(k).
11
Let q(n) = -n**2 + 5*n - 3. Let u = -37 - -42. Suppose -u*c + 14 = -16. Give q(c).
-9
Suppose 2*y = 12 + 10. Suppose y*g - 7*g = 88. Let j = 27 - g. Let z(a) = 2*a + 2. Calculate z(j).
12
Let b be (-1)/3 - (-2)/6. Let x = -174 - -176. Suppose -3*h - a - 5 = -3*a, b = 3*h + x*a + 1. Let o(t) = 5*t**2 - 1. What is o(h)?
4
Let d be 7*((-34)/(-7) - 4). Suppose r = 3*r + n - d, -4*r - 2 = -5*n. Let l(a) = 4*a**r - 3 - 4 - 6*a**2 + 3*a**2 - 4*a. Calculate l(5).
-2
Let k(d) = -6*d. Let f = 7 - 3. Suppose -14 = f*a - 2*y, -6*a + 3*a - 4*y = -17. Give k(a).
6
Let b(n) = -5*n + 69. Let v(c) = 16*c - 213. Let z(i) = 19*b(i) + 6*v(i). What is z(0)?
33
Let o(n) = -3*n**2 + n**3 - n - 90 - 2*n + 93. Suppose -5*k - 45 = -10*k - 5*p, 0 = 4*k + 5*p - 41. What is o(k)?
7
Let b(y) = 2*y - 2*y**2 + 4*y**2 - y**3 - 4*y**2 - 1. Let t(w) be the first derivative of -w**3/3 - 5*w**2 + 21*w - 3. Let c be t(-12). Give b(c).
2
Let z(l) = -7*l**3 + 8*l**2 + 12*l - 19. Let f(b) = -13*b**3 + 16*b**2 + 24*b - 39. Let m(i) = 6*f(i) - 11*z(i). Give m(9).
2
Let h(m) b